 6
-2
-1000 (base 3) to base 6
-43
What is 1000 (base 2) in base 8?
10
22 (base 8) to base 16
12
-15 (base 13) to base 4
-102
243 (base 9) to base 5
1301
67 (base 10) to base 12
57
Convert 23 (base 7) to base 3.
122
Convert 228 (base 12) to base 14.
18c
Convert 5 (base 6) to base 2.
101
1 (base 8) to base 16
1
Convert -10001 (base 3) to base 14.
-5c
-153 (base 10) to base 11
-12a
What is 5 (base 14) in base 9?
5
Convert 23 (base 6) to base 11.
14
What is 18 (base 10) in base 8?
22
3 (base 14) to base 13
3
Convert 118 (base 9) to base 6.
242
-211 (base 3) to base 11
-20
Convert -31 (base 8) to base 14.
-1b
Convert 0 (base 14) to base 3.
0
f (base 16) to base 3
120
What is -2202 (base 3) in base 2?
-1001010
What is -234 (base 5) in base 12?
-59
Convert 15 (base 7) to base 14.
c
What is 7 (base 13) in base 11?
7
Convert -3 (base 11) to base 4.
-3
40 (base 8) to base 16
20
Convert 147 (base 9) to base 3.
11121
Convert -2 (base 3) to base 7.
-2
Convert 224 (base 7) to base 10.
116
Convert -656 (base 7) to base 4.
-11033
-10 (base 9) to base 4
-21
What is -4d (base 15) in base 9?
-81
What is -33 (base 5) in base 9?
-20
1 (base 4) to base 15
1
Convert -44 (base 15) to base 3.
-2101
What is -13 (base 6) in base 2?
-1001
What is 9 (base 12) in base 10?
9
What is -3 (base 8) in base 7?
-3
-4 (base 9) to base 5
-4
What is -9 (base 15) in base 14?
-9
What is -8 (base 13) in base 2?
-1000
Convert 2000 (base 3) to base 2.
110110
2 (base 16) to base 5
2
Convert -30 (base 11) to base 13.
-27
Convert 10 (base 12) to base 8.
14
Convert 17 (base 13) to base 15.
15
What is -2 (base 13) in base 11?
-2
-20 (base 7) to base 9
-15
What is c2 (base 14) in base 6?
442
Convert 39 (base 15) to base 4.
312
Convert 12 (base 8) to base 12.
a
0 (base 3) to base 4
0
21 (base 10) to base 5
41
What is -11000101 (base 2) in base 12?
-145
-1111110 (base 2) to base 3
-11200
Convert 22 (base 10) to base 15.
17
Convert 7 (base 15) to base 11.
7
-10 (base 4) to base 11
-4
Convert -21 (base 3) to base 13.
-7
What is 1112 (base 3) in base 12?
35
112 (base 8) to base 6
202
What is -3 (base 14) in base 11?
-3
142 (base 8) to base 9
118
Convert 2 (base 15) to base 5.
2
Convert 0 (base 14) to base 16.
0
-29 (base 10) to base 16
-1d
Convert 1 (base 2) to base 16.
1
Convert 12 (base 12) to base 7.
20
-200 (base 7) to base 4
-1202
51 (base 15) to base 7
136
-11 (base 9) to base 6
-14
What is 220 (base 6) in base 4?
1110
Convert 15 (base 10) to base 6.
23
Convert -7 (base 10) to base 3.
-21
Convert -44 (base 10) to base 16.
-2c
10 (base 14) to base 9
15
Convert -230 (base 4) to base 15.
-2e
-42 (base 11) to base 3
-1201
What is 2 (base 9) in base 10?
2
What is b (base 15) in base 14?
b
-26 (base 13) to base 10
-32
What is 46 (base 8) in base 15?
28
-161 (base 7) to base 10
-92
What is -d (base 15) in base 3?
-111
12 (base 10) to base 11
11
What is 212 (base 4) in base 2?
100110
Convert 0 (base 8) to base 7.
0
4 (base 8) to base 7
4
-353 (base 11) to base 12
-2b1
-47 (base 8) to base 16
-27
-1 (base 8) to base 9
-1
What is -2 (base 14) in base 9?
-2
Convert -3 (base 16) to base 10.
-3
-56 (base 9) to base 7
-102
Convert 4 (base 15) to base 6.
4
What is -110 (base 2) in base 4?
-12
-3 (base 5) to base 16
-3
What is -5 (base 6) in base 13?
-5
Convert -2 (base 11) to base 12.
-2
Convert 1001 (base 2) to base 6.
13
Convert 0 (base 5) to base 12.
0
What is -b (base 13) in base 12?
-b
Convert 10 (base 7) to base 15.
7
-100 (base 2) to base 6
-4
What is 3 (base 7) in base 11?
3
Convert -113 (base 9) to base 11.
-85
What is 106 (base 8) in base 16?
46
What is 15 (base 15) in base 3?
202
Convert -220 (base 3) to base 11.
-22
2 (base 7) to base 5
2
What is 102 (base 4) in base 8?
22
What is 35 (base 10) in base 12?
2b
8 (base 11) to base 4
20
Convert -1 (base 8) to base 7.
-1
Convert 11 (base 12) to base 9.
14
-8 (base 16) to base 11
-8
2f (base 16) to base 14
35
What is -101 (base 2) in base 4?
-11
-33 (base 4) to base 12
-13
Convert 6 (base 12) to base 16.
6
-4 (base 14) to base 3
-11
81 (base 10) to base 16
51
Convert -1 (base 16) to base 8.
-1
What is 5 (base 9) in base 15?
5
-7 (base 14) to base 2
-111
Convert -431 (base 5) to base 3.
-11022
What is -5 (base 11) in base 9?
-5
What is 156 (base 8) in base 9?
132
What is 4 (base 6) in base 13?
4
What is -3 (base 4) in base 16?
-3
5c (base 13) to base 14
57
What is 2 (base 15) in base 11?
2
What is -12 (base 12) in base 2?
-1110
What is -110 (base 2) in base 5?
-11
Convert 1130 (base 4) to base 5.
332
Convert 4 (base 11) to base 6.
4
Convert -1310 (base 5) to base 15.
-da
What is 21 (base 3) in base 12?
7
83 (base 15) to base 4
1323
Convert 1100 (base 2) to base 11.
11
Convert -24 (base 5) to base 14.
-10
Convert 66 (base 16) to base 14.
74
Convert 114 (base 6) to base 8.
56
What is -35 (base 7) in base 8?
-32
Convert 305 (base 6) to base 10.
113
3 (base 14) to base 9
3
-525 (base 6) to base 12
-145
Convert -1 (base 9) to base 5.
-1
What is -31 (base 10) in base 4?
-133
Convert -2 (base 15) to base 4.
-2
Convert -3 (base 12) to base 11.
-3
Convert -67 (base 11) to base 13.
-58
What is -11 (base 2) in base 3?
-10
Convert -26 (base 15) to base 3.
-1100
Convert 13 (base 9) to base 15.
c
-2 (base 10) to base 2
-10
What is 3 (base 16) in base 10?
3
Convert 222 (base 4) to base 15.
2c
2 (base 16) to base 9
2
Convert 0 (base 2) to base 11.
0
What is 2a (base 16) in base 13?
33
-100010 (base 3) to base 9
-303
Convert -3032 (base 4) to base 8.
-316
Convert -4c (base 13) to base 8.
-100
Convert -2000 (base 3) to base 6.
-130
-6 (base 12) to base 9
-6
What is -23 (base 7) in base 6?
-25
Convert 231 (base 4) to base 11.
41
16 (base 9) to base 6
23
-1121 (base 4) to base 3
-10022
3 (base 16) to base 3
10
Convert 10110 (base 2) to base 4.
112
11 (base 2) to base 15
3
Convert 1 (base 5) to base 2.
1
-2012 (base 3) to base 7
-113
What is 17 (base 10) in base 16?
11
-14 (base 7) to base 11
-10
Convert 103 (base 8) to base 5.
232
Convert 38 (base 14) to base 16.
32
Convert 313 (base 4) to base 13.
43
What is -31 (base 9) in base 12?
-24
What is 10 (base 16) in base 2?
10000
-20 (base 7) to base 5
-24
8 (base 16) to base 3
22
What is -10 (base 15) in base 13?
-12
Convert 14 (base 11) to base 14.
11
123 (base 5) to base 11
35
What is -9 (base 15) in base 13?
-9
1e (base 16) to base 4
132
Convert 89 (base 12) to base 11.
96
Convert -2 (base 13) to base 14.
-2
24 (base 11) to base 8
32
Convert -2 (base 14) to base 15.
-2
Convert -10 (base 6) to base 3.
-20
7c (base 16) to base 4
1330
-15 (base 6) to base 4
-23
What is 15 (base 10) in base 15?
10
Convert 1 (base 2) to base 11.
1
Convert -6 (base 15) to base 4.
-12
Convert -453 (base 9) to base 12.
-270
11 (base 3) to base 10
4
What is -50 (base 12) in base 11?
-55
Convert 4 (base 5) to base 13.
4
-24 (base 14) to base 3
-1012
What is -12 (base 14) in base 2?
-10000
What is -3 (base 13) in base 11?
-3
-4 (base 10) to base 12
-4
What is 0 (base 2) in base 5?
0
What is 62 (base 13) in base 16?
50
What is -11 (base 7) in base 14?
-8
Convert 2 (base 15) to base 9.
2
What is -6 (base 14) in base 16?
-6
-1023 (base 5) to base 14
-9c
What is -33 (base 14) in base 12?
-39
-2 (base 4) to base 11
-2
-53 (base 12) to base 13
-4b
What is -10 (base 4) in base 7?
-4
What is 153 (base 11) in base 16?
b3
What is 0 (base 4) in base 14?
0
-100 (base 2) to base 5
-4
What is 1101 (base 3) in base 16?
25
-31 (base 5) to base 12
-14
What is 7 (base 9) in base 7?
10
What is -11 (base 16) in base 5?
-32
Convert -9e (base 15) to base 16.
-95
Convert 101 (base 2) to base 14.
5
What is -11111 (base 2) in base 10?
-31
Convert 12 (base 14) to base 15.
11
-2 (base 10) to base 14
-2
What is -100 (base 2) in base 14?
-4
-51 (base 14) to base 8
-107
4 (base 7) to base 2
100
Convert -2 (base 5) to base 2.
-10
-76 (base 9) to base 4
-1011
Convert -3 (base 9) to base 12.
-3
Convert 4 (base 10) to base 5.
4
What is -3120 (base 4) in base 9?
-260
Convert 0 (base 3) to base 9.
0
What is 2 (base 3) in base 10?
2
Convert 10110 (base 2) to base 10.
22
1130 (base 7) to base 15
1c8
2002 (base 3) to base 9
62
124 (base 11) to base 9
173
Convert -101 (base 6) to base 10.
-37
What is 2 (base 9) in base 16?
2
What is 111001 (base 2) in base 6?
133
What is 35 (base 6) 